{"id":30535,"date":"2022-08-30T19:31:43","date_gmt":"2022-08-30T19:31:43","guid":{"rendered":"https:\/\/the7.io\/elementor-shop\/?post_type=product&#038;p=30535"},"modified":"2025-11-01T19:45:51","modified_gmt":"2025-11-02T00:45:51","slug":"tabla-personalizado-23-x-19-2","status":"publish","type":"product","link":"https:\/\/miranlaya.art\/index.php\/product\/tabla-personalizado-23-x-19-2\/","title":{"rendered":"Bulldog Franc\u00e9s: Decoraci\u00f3n Geom\u00e9trica"},"content":{"rendered":"","protected":false},"excerpt":{"rendered":"<p>Explora nuestra colecci\u00f3n de decoraci\u00f3n en madera con dise\u00f1os geom\u00e9tricos y coloridos inspirados en encantadores amigos. \u00a1A\u00f1ade un toque \u00fanico a tus espacios!<\/p>\n","protected":false},"featured_media":48133,"comment_status":"open","ping_status":"closed","template":"","meta":{"om_disable_all_campaigns":false},"product_cat":[137],"product_tag":[],"class_list":{"0":"post-30535","1":"product","2":"type-product","3":"status-publish","4":"has-post-thumbnail","6":"product_cat-decoracion","7":"pa_color-fondo-dorado","8":"pa_color-fondo-negro","9":"pa_material-madera","10":"pa_tamano-23-cm-x-19-cm-aprox","11":"pa_tematica-geometria","12":"pa_tematica-mascotas","14":"first","15":"instock","16":"shipping-taxable","17":"purchasable","18":"product-type-simple"},"aioseo_notices":[],"jetpack_sharing_enabled":true,"_links":{"self":[{"href":"https:\/\/miranlaya.art\/index.php\/wp-json\/wp\/v2\/product\/30535","targetHints":{"allow":["GET"]}}],"collection":[{"href":"https:\/\/miranlaya.art\/index.php\/wp-json\/wp\/v2\/product"}],"about":[{"href":"https:\/\/miranlaya.art\/index.php\/wp-json\/wp\/v2\/types\/product"}],"replies":[{"embeddable":true,"href":"https:\/\/miranlaya.art\/index.php\/wp-json\/wp\/v2\/comments?post=30535"}],"version-history":[{"count":8,"href":"https:\/\/miranlaya.art\/index.php\/wp-json\/wp\/v2\/product\/30535\/revisions"}],"predecessor-version":[{"id":48112,"href":"https:\/\/miranlaya.art\/index.php\/wp-json\/wp\/v2\/product\/30535\/revisions\/48112"}],"wp:featuredmedia":[{"embeddable":true,"href":"https:\/\/miranlaya.art\/index.php\/wp-json\/wp\/v2\/media\/48133"}],"wp:attachment":[{"href":"https:\/\/miranlaya.art\/index.php\/wp-json\/wp\/v2\/media?parent=30535"}],"wp:term":[{"taxonomy":"product_cat","embeddable":true,"href":"https:\/\/miranlaya.art\/index.php\/wp-json\/wp\/v2\/product_cat?post=30535"},{"taxonomy":"product_tag","embeddable":true,"href":"https:\/\/miranlaya.art\/index.php\/wp-json\/wp\/v2\/product_tag?post=30535"}],"curies":[{"name":"wp","href":"https:\/\/api.w.org\/{rel}","templated":true}]}}